[INFO] cloning repository https://github.com/estin/cywad
[INFO] running `Command { std: "git" "-c" "credential.helper=" "-c" "credential.helper=/workspace/cargo-home/bin/git-credential-null" "clone" "--bare" "https://github.com/estin/cywad" "/workspace/cache/git-repos/https%3A%2F%2Fgithub.com%2Festin%2Fcywad", kill_on_drop: false }`
[INFO] [stderr] Cloning into bare repository '/workspace/cache/git-repos/https%3A%2F%2Fgithub.com%2Festin%2Fcywad'...
[INFO] running `Command { std: "git" "rev-parse" "HEAD", kill_on_drop: false }`
[INFO] [stdout] 908f697d9af959050ce87d7b976dd6ca0218a6eb
[INFO] checking estin/cywad against try#72f88fc4e9458f89516a0b8b0868f3718aec5b47 for pr-74989
[INFO] running `Command { std: "git" "clone" "/workspace/cache/git-repos/https%3A%2F%2Fgithub.com%2Festin%2Fcywad" "/workspace/builds/worker-8/source", kill_on_drop: false }`
[INFO] [stderr] Cloning into '/workspace/builds/worker-8/source'...
[INFO] [stderr] done.
[INFO] validating manifest of git repo https://github.com/estin/cywad on toolchain 72f88fc4e9458f89516a0b8b0868f3718aec5b47
[INFO] running `Command { std: "/workspace/cargo-home/bin/cargo" "+72f88fc4e9458f89516a0b8b0868f3718aec5b47" "read-manifest" "--manifest-path" "Cargo.toml", kill_on_drop: false }`
[INFO] started tweaking git repo https://github.com/estin/cywad
[INFO] finished tweaking git repo https://github.com/estin/cywad
[INFO] tweaked toml for git repo https://github.com/estin/cywad written to /workspace/builds/worker-8/source/Cargo.toml
[INFO] running `Command { std: "/workspace/cargo-home/bin/cargo" "+72f88fc4e9458f89516a0b8b0868f3718aec5b47" "generate-lockfile" "--manifest-path" "Cargo.toml" "-Zno-index-update", kill_on_drop: false }`
[INFO] running `Command { std: "/workspace/cargo-home/bin/cargo" "+72f88fc4e9458f89516a0b8b0868f3718aec5b47" "fetch" "--locked" "--manifest-path" "Cargo.toml", kill_on_drop: false }`
[INFO] [stderr]  Downloading crates ...
[INFO] [stderr]   Downloaded quickcheck v0.6.2
[INFO] [stderr]   Downloaded rusttype v0.5.2
[INFO] [stderr]   Downloaded cron v0.6.1
[INFO] [stderr]   Downloaded actix-web-actors v2.0.0
[INFO] [stderr]   Downloaded atk v0.9.0
[INFO] [stderr]   Downloaded glib v0.10.2
[INFO] [stderr]   Downloaded gdk-sys v0.10.0
[INFO] [stderr]   Downloaded actix-cors v0.2.0
[INFO] [stderr]   Downloaded javascriptcore-rs v0.10.0
[INFO] [stderr]   Downloaded cairo-rs v0.9.1
[INFO] [stderr]   Downloaded pango-sys v0.10.0
[INFO] [stderr]   Downloaded actix-codec v0.3.0
[INFO] [stderr]   Downloaded actix-server v1.0.4
[INFO] [stderr]   Downloaded actix-files v0.2.2
[INFO] [stderr]   Downloaded gdk v0.13.2
[INFO] [stderr]   Downloaded gio v0.9.1
[INFO] [stderr]   Downloaded gtk v0.9.2
[INFO] [stderr]   Downloaded actix-utils v2.0.0
[INFO] [stderr]   Downloaded actix-service v1.0.6
[INFO] [stderr]   Downloaded soup-sys v0.10.0
[INFO] [stderr]   Downloaded webkit2gtk v0.10.0
[INFO] [stderr]   Downloaded gio-sys v0.10.0
[INFO] [stderr]   Downloaded glib-sys v0.10.0
[INFO] [stderr]   Downloaded gobject-sys v0.10.0
[INFO] [stderr]   Downloaded system-deps v1.3.2
[INFO] [stderr]   Downloaded pango v0.9.1
[INFO] [stderr]   Downloaded atk-sys v0.10.0
[INFO] [stderr]   Downloaded gdk-pixbuf-sys v0.10.0
[INFO] [stderr]   Downloaded gtk-sys v0.10.0
[INFO] [stderr]   Downloaded javascriptcore-rs-sys v0.2.0
[INFO] [stderr]   Downloaded cairo-sys-rs v0.10.0
[INFO] [stderr]   Downloaded webkit2gtk-sys v0.12.0
[INFO] [stderr]   Downloaded ordered-float v0.5.2
[INFO] [stderr]   Downloaded gdk-pixbuf v0.9.0
[INFO] [stderr]   Downloaded glib-macros v0.10.1
[INFO] [stderr]   Downloaded imageproc v0.16.0
[INFO] running `Command { std: "docker" "create" "-v" "/var/lib/crater-agent-workspace/builds/worker-8/target:/opt/rustwide/target:rw,Z" "-v" "/var/lib/crater-agent-workspace/builds/worker-8/source:/opt/rustwide/workdir:ro,Z" "-v" "/var/lib/crater-agent-workspace/cargo-home:/opt/rustwide/cargo-home:ro,Z" "-v" "/var/lib/crater-agent-workspace/rustup-home:/opt/rustwide/rustup-home:ro,Z" "-e" "SOURCE_DIR=/opt/rustwide/workdir" "-e" "CARGO_TARGET_DIR=/opt/rustwide/target" "-e" "CARGO_HOME=/opt/rustwide/cargo-home" "-e" "RUSTUP_HOME=/opt/rustwide/rustup-home" "-w" "/opt/rustwide/workdir" "-m" "1610612736" "--user" "0:0" "--network" "none" "rustops/crates-build-env@sha256:d92eaeed33fa75130ca1ee6c8a01d1ffb62bac859dfdfb3450e3e5d1c0146529" "/opt/rustwide/cargo-home/bin/cargo" "+72f88fc4e9458f89516a0b8b0868f3718aec5b47" "metadata" "--no-deps" "--format-version=1", kill_on_drop: false }`
[INFO] [stdout] 712add5bdc95f39eefe3c36e682b549c7c4e66da9a12e0981db46101053897c3
[INFO] [stderr] WARNING: Your kernel does not support swap limit capabilities or the cgroup is not mounted. Memory limited without swap.
[INFO] running `Command { std: "docker" "start" "-a" "712add5bdc95f39eefe3c36e682b549c7c4e66da9a12e0981db46101053897c3", kill_on_drop: false }`
[INFO] running `Command { std: "docker" "inspect" "712add5bdc95f39eefe3c36e682b549c7c4e66da9a12e0981db46101053897c3", kill_on_drop: false }`
[INFO] running `Command { std: "docker" "rm" "-f" "712add5bdc95f39eefe3c36e682b549c7c4e66da9a12e0981db46101053897c3", kill_on_drop: false }`
[INFO] [stdout] 712add5bdc95f39eefe3c36e682b549c7c4e66da9a12e0981db46101053897c3
[INFO] running `Command { std: "docker" "create" "-v" "/var/lib/crater-agent-workspace/builds/worker-8/target:/opt/rustwide/target:rw,Z" "-v" "/var/lib/crater-agent-workspace/builds/worker-8/source:/opt/rustwide/workdir:ro,Z" "-v" "/var/lib/crater-agent-workspace/cargo-home:/opt/rustwide/cargo-home:ro,Z" "-v" "/var/lib/crater-agent-workspace/rustup-home:/opt/rustwide/rustup-home:ro,Z" "-e" "SOURCE_DIR=/opt/rustwide/workdir" "-e" "CARGO_TARGET_DIR=/opt/rustwide/target" "-e" "CARGO_INCREMENTAL=0" "-e" "RUST_BACKTRACE=full" "-e" "RUSTFLAGS=--cap-lints=forbid" "-e" "CARGO_HOME=/opt/rustwide/cargo-home" "-e" "RUSTUP_HOME=/opt/rustwide/rustup-home" "-w" "/opt/rustwide/workdir" "-m" "1610612736" "--user" "0:0" "--network" "none" "rustops/crates-build-env@sha256:d92eaeed33fa75130ca1ee6c8a01d1ffb62bac859dfdfb3450e3e5d1c0146529" "/opt/rustwide/cargo-home/bin/cargo" "+72f88fc4e9458f89516a0b8b0868f3718aec5b47" "check" "--frozen" "--all" "--all-targets" "--message-format=json", kill_on_drop: false }`
[INFO] [stdout] a950403fa336a652d3e063ef58e23dc33fcdc27d702fd824b2152cdddb6bd412
[INFO] [stderr] WARNING: Your kernel does not support swap limit capabilities or the cgroup is not mounted. Memory limited without swap.
[INFO] running `Command { std: "docker" "start" "-a" "a950403fa336a652d3e063ef58e23dc33fcdc27d702fd824b2152cdddb6bd412", kill_on_drop: false }`
[INFO] [stderr]    Compiling autocfg v1.0.1
[INFO] [stderr]    Compiling proc-macro2 v1.0.21
[INFO] [stderr]    Compiling unicode-xid v0.2.1
[INFO] [stderr]    Compiling libc v0.2.77
[INFO] [stderr]    Compiling serde_derive v1.0.116
[INFO] [stderr]    Compiling memchr v2.3.3
[INFO] [stderr]    Compiling serde v1.0.116
[INFO] [stderr]     Checking cfg-if v0.1.10
[INFO] [stderr]    Compiling ryu v1.0.5
[INFO] [stderr]    Compiling bitflags v1.2.1
[INFO] [stderr]     Checking lazy_static v1.4.0
[INFO] [stderr]    Compiling failure_derive v0.1.8
[INFO] [stderr]    Compiling byteorder v1.3.4
[INFO] [stderr]     Checking regex-syntax v0.6.18
[INFO] [stderr]     Checking quick-error v1.2.3
[INFO] [stderr]     Checking unicode-width v0.1.8
[INFO] [stderr]     Checking object v0.20.0
[INFO] [stderr]     Checking rustc-demangle v0.1.16
[INFO] [stderr]     Checking strsim v0.8.0
[INFO] [stderr]     Checking termcolor v1.1.0
[INFO] [stderr]     Checking ansi_term v0.11.0
[INFO] [stderr]     Checking vec_map v0.8.2
[INFO] [stderr]     Checking thread_local v1.0.1
[INFO] [stderr]     Checking textwrap v0.11.0
[INFO] [stderr]     Checking humantime v1.3.0
[INFO] [stderr]     Checking log v0.4.11
[INFO] [stderr]    Compiling num-traits v0.2.12
[INFO] [stderr]    Compiling miniz_oxide v0.4.2
[INFO] [stderr]    Compiling num-integer v0.1.43
[INFO] [stderr]     Checking aho-corasick v0.7.13
[INFO] [stderr]     Checking atty v0.2.14
[INFO] [stderr]     Checking time v0.1.44
[INFO] [stderr]     Checking base64 v0.10.1
[INFO] [stderr]    Compiling quote v1.0.7
[INFO] [stderr]     Checking clap v2.33.3
[INFO] [stderr]    Compiling syn v1.0.40
[INFO] [stderr]     Checking regex v1.3.9
[INFO] [stderr]     Checking env_logger v0.7.1
[INFO] [stderr]     Checking backtrace v0.3.50
[INFO] [stderr]    Compiling synstructure v0.12.4
[INFO] [stderr]     Checking failure v0.1.8
[INFO] [stderr]     Checking serde_json v1.0.57
[INFO] [stderr]     Checking toml v0.5.6
[INFO] [stderr]     Checking chrono v0.4.15
[INFO] [stderr]     Checking cywad v0.1.1 (/opt/rustwide/workdir)
[INFO] [stdout] error[E0432]: unresolved import `super::EngineOptions`
[INFO] [stdout]  --> src/engine/traits.rs:3:5
[INFO] [stdout]   |
[INFO] [stdout] 3 | use super::EngineOptions;
[INFO] [stdout]   |     ^^^^^^^^^^^^^^^^^^^^ no `EngineOptions` in `engine`
[INFO] [stdout] 
[INFO] [stdout] 
[INFO] [stdout] error[E0432]: unresolved import `super::EngineOptions`
[INFO] [stdout]  --> src/engine/traits.rs:3:5
[INFO] [stdout]   |
[INFO] [stdout] 3 | use super::EngineOptions;
[INFO] [stdout]   |     ^^^^^^^^^^^^^^^^^^^^ no `EngineOptions` in `engine`
[INFO] [stdout] 
[INFO] [stdout] 
[INFO] [stdout] error[E0425]: cannot find value `engine` in this scope
[INFO] [stdout]   --> src/engine/mod.rs:31:5
[INFO] [stdout]    |
[INFO] [stdout] 31 |     engine
[INFO] [stdout]    |     ^^^^^^ not found in this scope
[INFO] [stdout] 
[INFO] [stdout] 
[INFO] [stdout] error[E0412]: cannot find type `EngineOptions` in this scope
[INFO] [stdout]   --> src/engine/mod.rs:34:18
[INFO] [stdout]    |
[INFO] [stdout] 34 | impl Default for EngineOptions {
[INFO] [stdout]    |                  ^^^^^^^^^^^^^ not found in this scope
[INFO] [stdout] 
[INFO] [stdout] 
[INFO] [stdout] error[E0425]: cannot find value `engine` in this scope
[INFO] [stdout]   --> src/engine/mod.rs:31:5
[INFO] [stdout]    |
[INFO] [stdout] 31 |     engine
[INFO] [stdout]    |     ^^^^^^ not found in this scope
[INFO] [stdout] 
[INFO] [stdout] 
[INFO] [stdout] error[E0412]: cannot find type `EngineOptions` in this scope
[INFO] [stdout]   --> src/engine/mod.rs:34:18
[INFO] [stdout]    |
[INFO] [stdout] 34 | impl Default for EngineOptions {
[INFO] [stdout]    |                  ^^^^^^^^^^^^^ not found in this scope
[INFO] [stdout] 
[INFO] [stdout] 
[INFO] [stdout] error: aborting due to 3 previous errors
[INFO] [stdout] 
[INFO] [stdout] 
[INFO] [stdout] Some errors have detailed explanations: E0412, E0425, E0432.
[INFO] [stdout] 
[INFO] [stdout] For more information about an error, try `rustc --explain E0412`.
[INFO] [stdout] 
[INFO] [stderr] error: could not compile `cywad`.
[INFO] [stderr] 
[INFO] [stderr] To learn more, run the command again with --verbose.
[INFO] [stderr] warning: build failed, waiting for other jobs to finish...
[INFO] [stdout] error: aborting due to 3 previous errors
[INFO] [stdout] 
[INFO] [stdout] 
[INFO] [stdout] Some errors have detailed explanations: E0412, E0425, E0432.
[INFO] [stdout] 
[INFO] [stdout] For more information about an error, try `rustc --explain E0412`.
[INFO] [stdout] 
[INFO] [stderr] error: build failed
[INFO] running `Command { std: "docker" "inspect" "a950403fa336a652d3e063ef58e23dc33fcdc27d702fd824b2152cdddb6bd412", kill_on_drop: false }`
[INFO] running `Command { std: "docker" "rm" "-f" "a950403fa336a652d3e063ef58e23dc33fcdc27d702fd824b2152cdddb6bd412", kill_on_drop: false }`
[INFO] [stdout] a950403fa336a652d3e063ef58e23dc33fcdc27d702fd824b2152cdddb6bd412
